f 4*b**3/3 + 3*b**2 + 4*b - 4. Let n be q(-4). What is the greatest common factor of 11 and n?
11
Suppose 0 = -4*m + 5*h + 125, -6*m + 91 = -3*m - h. Let d = m + -17. Calculate the highest common factor of 91 and d.
13
Suppose 208 = -4*z - 2*o - 94, -4 = -4*o. Let m be 2/9 + z/18. Let a be m/(((-5)/(-46))/(-5)). What is the highest common factor of a and 23?
23
Suppose 7*g = 26 + 93. Calculate the highest common divisor of g and 85.
17
Let z = 85 - 33. Let g = z + -32. Suppose -2*t = 2*d - 12, 0 = -3*t - 0*t + 3. Calculate the greatest common factor of d and g.
5
Suppose 0 = -4*a + 2 + 14. Suppose a*n - 18 + 54 = 5*v, 4*v + 3*n = 4. Calculate the highest common factor of v and 8.
4
Let t(k) = k**3 - 3*k**2 + 5*k + 0*k - 2*k**3 + 2. Let j be t(-4). Let v be j/(-6) - (-178)/6. Calculate the highest common divisor of 20 and v.
10
Let a = -4 - -5. Let f be (-2 - 1) + 47 + a. What is the greatest common factor of 9 and f?
9
Suppose -4*u = -4*o - 6*u + 36, u = 2. Let a be (-30)/(-4)*64/6. Suppose -l = l - a. What is the greatest common divisor of l and o?
8
Let c(j) = -12*j**3 + 2*j**2 + 2*j + 1. Let q be c(-1). Suppose -a = -q + 1. What is the highest common factor of 12 and a?
12
Suppose -110 + 418 = 14*t. What is the highest common factor of t and 154?
22
Suppose 3*o - 8 - 19 = 0. Let w = 11 + o. What is the highest common divisor of w and 80?
20
Let r = -32 + 53. Suppose -4*n + r = -n. Let z(x) = x**3 - 6*x**2 - 6*x - 5. Let v be z(n). Calculate the greatest common factor of 22 and v.
2
Let y(u) = -2*u**3 - 4*u**2 + 4*u. Let a be 6/15*(-1 + -9). Let b be y(a). Let o be ((-192)/56)/((-6)/21). Calculate the highest common divisor of o and b.
12
Let d(o) = 3*o + 5. Let u be d(5). Suppose 5*k - u = 100. Calculate the greatest common divisor of k and 12.
12
Let y(a) be the second derivative of -a**3/2 - 3*a**2 - 3*a. Let g be y(-4). What is the greatest common divisor of 15 and g?
3
Let c be 2/(-9) - 76/(-18). Let r be (c/10)/(1/5). Suppose r*j - 11 = 21. What is the greatest common divisor of 2 and j?
2
Let p = 0 + 36. What is the greatest common factor of 24 and p?
12
Suppose 3*m - 76 = 89. Suppose l = 4*l - 33. What is the greatest common factor of l and m?
11
Suppose v = 5*f - 25, -2*v + 20 - 5 = 3*f. Let j be (1 - v)/((-4)/(-20)). Calculate the highest common factor of 5 and j.
5
Suppose 0 = -5*w + 6*w - 25. Let p = -9 + w. What is the highest common divisor of p and 40?
8
Let u = -20 + 32. What is the highest common factor of u and 18?
6
Let t(x) = -7*x - 2. Let h be t(-3). Let o(q) = 5*q - 1. Let j be o(4). Calculate the greatest common divisor of j and h.
19
Let u(d) = -d. Let x be u(-2). Calculate the highest common factor of x and 16.
2
Let d(i) = 2*i**2 - 17*i - 19. Let x be d(13). Calculate the greatest common divisor of 14 and x.
14
Let j = 11 - 7. What is the highest common divisor of 20 and j?
4
Suppose -4*i = 5*s - 2*s - 2, -4*s - 5*i + 4 = 0. What is the highest common factor of 6 and s?
6
Suppose -5*a = -18 - 72. What is the greatest common divisor of 6 and a?
6
Let t(m) = 5*m**2 + 8*m + 7. Let g be t(-5). Let f = -36 + g. Calculate the greatest common factor of 14 and f.
14
Let a(u) = u**2 + u + 98. Let r be a(0). What is the highest common divisor of r and 14?
14
Let m(n) = -13*n - 2. Let c be m(2). Let o be ((-7)/(-2))/((-7)/c). What is the greatest common factor of o and 126?
14
Let o be (-20 + -1)/((-1*2)/8). Calculate the greatest common divisor of 21 and o.
21
Suppose -17*l = -0*l - 255. Suppose -4*i = -4*k - 660, 0 = -5*i + 3*i + 4*k + 330. Calculate the greatest common divisor of i and l.
15
Let y = 145 + -100. Suppose -2*q - 36 = -4*q. What is the highest common divisor of q and y?
9
Let p = -30 - -39. What is the greatest common factor of p and 81?
9
Let h(w) = w**3 + 17*w**2 + 15*w + 14. Let g be h(-16). What is the greatest common factor of 10 and g?
10
Let x(d) = 11*d**2 - d + 3. Let k be x(2). What is the highest common factor of 18 and k?
9
Suppose 0*w - 3*w = -264. Suppose -f - w = -3*f. Let p be 3 + -1 + (3 - 1). Calculate the highest common divisor of f and p.
4
Suppose -5*q - 20 = -9*q. Calculate the greatest common factor of 45 and q.
5
Let r be (-1)/4 - 2559/(-12). Suppose -f + 81 = g + g, 5*g - f - r = 0. Calculate the greatest common factor of 14 and g.
14
Let j(c) = -10*c. Let o be j(-3). Let x be -2 + (3 - -18) + 2. Suppose 0 = 2*f - i - 9, i + x = 4*f - 0*i. Calculate the greatest common factor of f and o.
6
Let k be 2/(2 + (-52)/28). Let m(a) = a**3 + 2*a**2 - 2*a - 2. Let f be m(-2). Calculate the highest common factor of k and f.
2
Suppose 13 = -5*q + 98. Calculate the highest common factor of 17 and q.
17
Suppose -10 = -l - 3. Let m(j) = -8*j - 3. Let o be m(-7). Let n = l + o. What is the highest common divisor of n and 10?
10
Suppose -4*z - 5*t = -69, -4*t = -5 + 17. Suppose 2*m + 0*m - 394 = 0. Let g = m - z. Calculate the highest common divisor of 16 and g.
16
Let v(n) = -n**3 - 7*n**2 + 21*n - 27. Let b be v(-10). What is the greatest common divisor of b and 9?
9
Let d be -46*(1 + (-12)/8). Let b = d + 41. Suppose -3*y - 2*u - u + 18 = 0, -2*y - 5*u + 6 = 0. Calculate the greatest common factor of b and y.
8
Let g be 2/3 - (-4437)/27. Calculate the highest common factor of g and 66.
33
Suppose -4*w + 0*w + 61 = -5*o, 16 = -w - 5*o. What is the greatest common divisor of 1 and w?
1
Suppose 3*d - 5*t + 7 = -2, 0 = -4*d - 2*t - 12. Let i = d - -2. Let q be (i + 147/4)*4. What is the highest common divisor of q and 13?
13
Suppose -2*t + 2*i = -14, -26 = -4*t - 5*i + 29. Let v = t - -14. Calculate the highest common factor of v and 3.
3
Let d = -3 + 13. Suppose 5*x + 3*k + 82 = 0, -4*x - 68 = 2*k + k. Let q = x - -84. Calculate the greatest common divisor of d and q.
10
Let q(k) = 8*k - 27. Let n be q(7). What is the greatest common divisor of 58 and n?
29
Suppose -s - 3*v - 17 = 0, 0*s - s + 3*v = 11. Let y be (-4)/14 + (-32)/s. Let o be ((-14)/21)/(2/(-66)). What is the greatest common divisor of o and y?
2
Let h = -3 + 7. Let u = -21 + 27. What is the highest common divisor of u and h?
2
Let u = 10 + 2. Let z be 100/(-20)*u/(-10). Calculate the highest common factor of z and 3.
3
Let x be (-12)/(-8)*-2*-8. What is the greatest common divisor of x and 216?
24
Let d(y) = y**3 - 9*y**2 + 2. Suppose -z - 9 = -2*z. Let g be d(z). Suppose 3*s + g*s - 385 = 0. Calculate the greatest common divisor of s and 11.
11
Let g = 5 + 0. Let s = g + -4. What is the highest common divisor of 4 and s?
1
Suppose 319 = 4*p - 417. Calculate the highest common divisor of 23 and p.
23
Let x(c) = c**3 - c + 30. Let o be 0*-2*(-2)/8. Let j be x(o). Suppose -6 - 12 = -3*z. Calculate the greatest common divisor of j and z.
6
Let w(l) = -l**3 - 6*l**2 - 6*l - 2. Let s be w(-5). What is the greatest common divisor of s and 3?
3
Let n be 1 + -2*2/4. Let i(k) = k**3 + k + 65. Let o be i(n). Let z(w) = -w**2 - 9*w - 1. Let a be z(-7). Calculate the highest common factor of a and o.
13
Let s(z) = z**3 - 6*z - 55. Let h(r) = -r**3 + 5*r + 54. Let g(b) = 5*h(b) + 4*s(b). Let w be g(0). What is the greatest common factor of w and 20?
10
Let b(z) = -z**2 + 10*z - 1. Let w be b(8). Calculate the highest common factor of w and 5.
5
Let y be 1/((-2)/(-3) + -1). Let b(i) = 9*i - 38*i + 0 - 4 + 5. Let g be b(y). Calculate the greatest common factor of g and 11.
11
Let t = 90 + -50. Let l(p) = -17*p**2 - p + 1. Let n be l(1). Let u = -9 - n. What is the highest common factor of u and t?
8
Let j = 68 - 56. Calculate the greatest common divisor of j and 4.
4
Suppose -2*i - 374 = -4*i. Calculate the highest common factor of i and 17.
17
Suppose -16*r + 14*r = -18. Calculate the greatest common divisor of 63 and r.
9
Let a(c) = -c**3 + 2*c**2 + 2*c - 2. Let g be a(2). Suppose 0 = x + g*x - 138. Calculate the highest common divisor of 23 and x.
23
Let v = 8 - -12. Calculate the greatest common factor of 5 and v.
5
Suppose -68 = -0*v + 3*v - 4*i, 2*v + 47 = i. Suppose 3*q = 6*q - 3*w - 123, -94 = -2*q - 2*w. Let f = q + v. Calculate the highest common factor of 8 and f.
4
Suppose -15*c + 6*c + 1638 = 0. What is the highest common factor of 14 and c?
14
Suppose 4*y = -4*w - 6 + 34, -2*y + 38 = -4*w. What is the greatest common factor of 11 and 